{"id":41027605,"date":"2025-09-10T15:05:38","date_gmt":"2025-09-10T13:05:38","guid":{"rendered":"https:\/\/www.siri.mo.it\/?post_type=product&#038;p=41027605"},"modified":"2025-09-10T15:59:02","modified_gmt":"2025-09-10T13:59:02","slug":"fresa-svasatore-art-9040","status":"publish","type":"product","link":"https:\/\/www.siri.mo.it\/index.php\/prodotto\/fresa-svasatore-art-9040\/?lang=es","title":{"rendered":"Fresa avellanadora Art.9040"},"content":{"rendered":"<h2>Fresa de 45 mm de di\u00e1metro para taladrar y fresa de 65 mm de di\u00e1metro para avellanar fregaderos, encimeras de cocina y m\u00e1s. Husillo M14 para adaptar a una amoladora.<\/h2>\n","protected":false},"excerpt":{"rendered":"<h2>NUEVA Para taladrar y avellanar baldosas de porcelana, granito y m\u00e1rmol. Para uso en seco.<\/h2>\n","protected":false},"featured_media":41027601,"template":"","meta":[],"product_brand":[],"product_cat":[3483],"product_tag":[],"class_list":{"0":"post-41027605","1":"product","2":"type-product","3":"status-publish","4":"has-post-thumbnail","6":"product_cat-herramientas-y-accesorios-diamantados-y-abrasivos","8":"first","9":"instock","10":"product-type-simple"},"_links":{"self":[{"href":"https:\/\/www.siri.mo.it\/index.php\/wp-json\/wp\/v2\/product\/41027605","targetHints":{"allow":["GET"]}}],"collection":[{"href":"https:\/\/www.siri.mo.it\/index.php\/wp-json\/wp\/v2\/product"}],"about":[{"href":"https:\/\/www.siri.mo.it\/index.php\/wp-json\/wp\/v2\/types\/product"}],"wp:featuredmedia":[{"embeddable":true,"href":"https:\/\/www.siri.mo.it\/index.php\/wp-json\/wp\/v2\/media\/41027601"}],"wp:attachment":[{"href":"https:\/\/www.siri.mo.it\/index.php\/wp-json\/wp\/v2\/media?parent=41027605"}],"wp:term":[{"taxonomy":"product_brand","embeddable":true,"href":"https:\/\/www.siri.mo.it\/index.php\/wp-json\/wp\/v2\/product_brand?post=41027605"},{"taxonomy":"product_cat","embeddable":true,"href":"https:\/\/www.siri.mo.it\/index.php\/wp-json\/wp\/v2\/product_cat?post=41027605"},{"taxonomy":"product_tag","embeddable":true,"href":"https:\/\/www.siri.mo.it\/index.php\/wp-json\/wp\/v2\/product_tag?post=41027605"}],"curies":[{"name":"wp","href":"https:\/\/api.w.org\/{rel}","templated":true}]}}