{"id":41027381,"date":"2025-09-01T11:51:13","date_gmt":"2025-09-01T09:51:13","guid":{"rendered":"https:\/\/www.siri.mo.it\/index.php\/prodotto\/turbogressiri-gold-dischi-diamantati-ultrasottili-nuovi\/"},"modified":"2025-09-01T17:17:31","modified_gmt":"2025-09-01T15:17:31","slug":"turbogressiri-gold-dischi-diamantati-ultrasottili-nuovi","status":"publish","type":"product","link":"https:\/\/www.siri.mo.it\/index.php\/prodotto\/turbogressiri-gold-dischi-diamantati-ultrasottili-nuovi\/?lang=es","title":{"rendered":"NUEVO   TURBOGRESSIRI GOLD &#8211; discos ultrafinos"},"content":{"rendered":"","protected":false},"excerpt":{"rendered":"<p><strong>NUEVO\u00a0\u00a0 Discos turbo ultrafinas y de alta velocidad, dise\u00f1adas espec\u00edficamente para el corte en seco de gres porcel\u00e1nico.<\/strong><\/p>\n<p>Art.13371P\u00a0 \u00a0 \u00a0 \u00a0 \u00a0 \u00d8 75 x 22.2 x 1,2 mm\u00a0 \u00a0 corte en seco<\/p>\n<p>Art.13371E\u00a0 \u00a0 \u00a0 \u00a0 \u00a0 \u00d8 115 x 22.2 x 1,2 mm\u00a0\u00a0 corte en seco<\/p>\n<p>Art.13371GE\u00a0 \u00a0 \u00a0 \u00a0\u00d8 125 x 22.2 x 1,2 mm\u00a0 \u00a0corte en seco<\/p>\n<p>Art.13374G\u00a0 \u00a0 \u00a0 \u00a0 \u00a0\u00d8 250 x 25.4 x 2,2 mm\u00a0 corte de agua MEJOR RENDIMIENTO<\/p>\n<p>Art.13375G\u00a0 \u00a0 \u00a0 \u00a0 \u00a0\u00d8 300 x 25.4 x 1,8 mm\u00a0\u00a0 corte de agua<\/p>\n<p>&nbsp;<\/p>\n<p><strong>NUEVO &#8211; HIGHRIMSIRI\u00a0 Hojas de larga duraci\u00f3n, excelentes para cortes rectos, cortes a 45\u00b0 y desbaste en seco en baldosas de porcelana y piedra natural. \u00dasela con una amoladora.<\/strong><\/p>\n<p>Art.13373L\u00a0 \u00a0 \u00a0 \u00a0 \u00a0 \u00d8 115 x 22.2 x 1,6 mm\u00a0 \u00a0 corte en seco<\/p>\n<p>Art.13373GL\u00a0 \u00a0 \u00a0 \u00a0\u00d8 125 x 22.2 x 1,6 mm\u00a0\u00a0 corte en seco<\/p>\n<p>&nbsp;<\/p>\n<p>&nbsp;<\/p>\n<p>&nbsp;<\/p>\n","protected":false},"featured_media":41027392,"template":"","meta":[],"product_brand":[],"product_cat":[536],"product_tag":[],"class_list":{"0":"post-41027381","1":"product","2":"type-product","3":"status-publish","4":"has-post-thumbnail","6":"product_cat-discos-diamantados","8":"first","9":"instock","10":"product-type-simple"},"_links":{"self":[{"href":"https:\/\/www.siri.mo.it\/index.php\/wp-json\/wp\/v2\/product\/41027381","targetHints":{"allow":["GET"]}}],"collection":[{"href":"https:\/\/www.siri.mo.it\/index.php\/wp-json\/wp\/v2\/product"}],"about":[{"href":"https:\/\/www.siri.mo.it\/index.php\/wp-json\/wp\/v2\/types\/product"}],"wp:featuredmedia":[{"embeddable":true,"href":"https:\/\/www.siri.mo.it\/index.php\/wp-json\/wp\/v2\/media\/41027392"}],"wp:attachment":[{"href":"https:\/\/www.siri.mo.it\/index.php\/wp-json\/wp\/v2\/media?parent=41027381"}],"wp:term":[{"taxonomy":"product_brand","embeddable":true,"href":"https:\/\/www.siri.mo.it\/index.php\/wp-json\/wp\/v2\/product_brand?post=41027381"},{"taxonomy":"product_cat","embeddable":true,"href":"https:\/\/www.siri.mo.it\/index.php\/wp-json\/wp\/v2\/product_cat?post=41027381"},{"taxonomy":"product_tag","embeddable":true,"href":"https:\/\/www.siri.mo.it\/index.php\/wp-json\/wp\/v2\/product_tag?post=41027381"}],"curies":[{"name":"wp","href":"https:\/\/api.w.org\/{rel}","templated":true}]}}