{"id":41027300,"date":"2025-08-28T10:16:34","date_gmt":"2025-08-28T08:16:34","guid":{"rendered":"https:\/\/www.siri.mo.it\/?post_type=product&#038;p=41027300"},"modified":"2025-08-28T10:28:14","modified_gmt":"2025-08-28T08:28:14","slug":"turbosiri-disques-diamantes-turbo-couronne-continue","status":"publish","type":"product","link":"https:\/\/www.siri.mo.it\/index.php\/prodotto\/turbosiri-disques-diamantes-turbo-couronne-continue\/?lang=fr","title":{"rendered":"TURBOSIRI disques diamant\u00e9s turbo couronne continue"},"content":{"rendered":"","protected":false},"excerpt":{"rendered":"<p>Disque diamant\u00e9 turbo, pour la coupe humide de c\u00e9ramique, terre cuite, marbre, b\u00e9ton et pierre.<\/p>\n<p>Art. 901\/TN\u00a0 D.115 x 22.2 x 2,2 mm \u2013 utilisation \u00e0 sec<\/p>\n<p>Art. 902\/T\u00a0 \u00a0 \u00a0D.200 x 25.4 x 2,7 mm \u2013 utilisation \u00e0 eau<\/p>\n<p>Art. 107\/TN\u00a0 D.230 x 22.2 x 2,7 mm \u2013 utilisation \u00e0 sec<\/p>\n<p>Art. 902\u00a0 \u00a0 \u00a0 \u00a0 \u00a0D.230 x 22.2 x 2,9 mm \u2013 utilisation \u00e0 sec<\/p>\n<p>Art. 903\u00a0 \u00a0 \u00a0 \u00a0 \u00a0D.250 x 25.4 x 2,3 mm \u2013 utilisation \u00e0 eau<\/p>\n<p>Art. 105\/T\u00a0 \u00a0 \u00a0D.300 x 25.4 x 3,2 mm \u2013 utilisation \u00e0 eau<\/p>\n","protected":false},"featured_media":41009103,"template":"","meta":[],"product_brand":[],"product_cat":[534],"product_tag":[],"class_list":{"0":"post-41027300","1":"product","2":"type-product","3":"status-publish","4":"has-post-thumbnail","6":"product_cat-disques-diamantes","8":"first","9":"instock","10":"product-type-simple"},"_links":{"self":[{"href":"https:\/\/www.siri.mo.it\/index.php\/wp-json\/wp\/v2\/product\/41027300","targetHints":{"allow":["GET"]}}],"collection":[{"href":"https:\/\/www.siri.mo.it\/index.php\/wp-json\/wp\/v2\/product"}],"about":[{"href":"https:\/\/www.siri.mo.it\/index.php\/wp-json\/wp\/v2\/types\/product"}],"wp:featuredmedia":[{"embeddable":true,"href":"https:\/\/www.siri.mo.it\/index.php\/wp-json\/wp\/v2\/media\/41009103"}],"wp:attachment":[{"href":"https:\/\/www.siri.mo.it\/index.php\/wp-json\/wp\/v2\/media?parent=41027300"}],"wp:term":[{"taxonomy":"product_brand","embeddable":true,"href":"https:\/\/www.siri.mo.it\/index.php\/wp-json\/wp\/v2\/product_brand?post=41027300"},{"taxonomy":"product_cat","embeddable":true,"href":"https:\/\/www.siri.mo.it\/index.php\/wp-json\/wp\/v2\/product_cat?post=41027300"},{"taxonomy":"product_tag","embeddable":true,"href":"https:\/\/www.siri.mo.it\/index.php\/wp-json\/wp\/v2\/product_tag?post=41027300"}],"curies":[{"name":"wp","href":"https:\/\/api.w.org\/{rel}","templated":true}]}}