{"id":41027294,"date":"2025-08-27T16:47:54","date_gmt":"2025-08-27T14:47:54","guid":{"rendered":"https:\/\/www.siri.mo.it\/?post_type=product&#038;p=41027294"},"modified":"2025-08-29T15:32:52","modified_gmt":"2025-08-29T13:32:52","slug":"setsiri-disques-diamantes-couronne-segmentes","status":"publish","type":"product","link":"https:\/\/www.siri.mo.it\/index.php\/prodotto\/setsiri-disques-diamantes-couronne-segmentes\/?lang=fr","title":{"rendered":"SETSIRI &#8211; disques diamant\u00e9s couronne segment\u00e9s"},"content":{"rendered":"","protected":false},"excerpt":{"rendered":"<p>Disques segment\u00e9es pour couper le b\u00e9ton, le ciment et la pierre.<\/p>\n<p>Art. 911\u00a0 D.115 x 22.2 x 2 mm &#8211; utilisation \u00e0 sec<\/p>\n<p>Art. 914\u00a0 D.230 x 22.2 x 2,7 mm &#8211; utilisation \u00e0 sec<\/p>\n<p>Art. 90\u00a0 D.250 x 25.4 x 2,7 mm &#8211; utilisation \u00e0 eau<\/p>\n<p>Art. 93\u00a0 D.300 x 25.4 x 3,2 mm &#8211; utilisation \u00e0 eau<\/p>\n<p>Art. 109\u00a0 D.350 x 25.4 x 3 mm &#8211; utilisation \u00e0 eau<\/p>\n","protected":false},"featured_media":41009133,"template":"","meta":[],"product_brand":[],"product_cat":[333],"product_tag":[],"class_list":{"0":"post-41027294","1":"product","2":"type-product","3":"status-publish","4":"has-post-thumbnail","6":"product_cat-dischi-diamantati","8":"first","9":"instock","10":"product-type-simple"},"_links":{"self":[{"href":"https:\/\/www.siri.mo.it\/index.php\/wp-json\/wp\/v2\/product\/41027294","targetHints":{"allow":["GET"]}}],"collection":[{"href":"https:\/\/www.siri.mo.it\/index.php\/wp-json\/wp\/v2\/product"}],"about":[{"href":"https:\/\/www.siri.mo.it\/index.php\/wp-json\/wp\/v2\/types\/product"}],"wp:featuredmedia":[{"embeddable":true,"href":"https:\/\/www.siri.mo.it\/index.php\/wp-json\/wp\/v2\/media\/41009133"}],"wp:attachment":[{"href":"https:\/\/www.siri.mo.it\/index.php\/wp-json\/wp\/v2\/media?parent=41027294"}],"wp:term":[{"taxonomy":"product_brand","embeddable":true,"href":"https:\/\/www.siri.mo.it\/index.php\/wp-json\/wp\/v2\/product_brand?post=41027294"},{"taxonomy":"product_cat","embeddable":true,"href":"https:\/\/www.siri.mo.it\/index.php\/wp-json\/wp\/v2\/product_cat?post=41027294"},{"taxonomy":"product_tag","embeddable":true,"href":"https:\/\/www.siri.mo.it\/index.php\/wp-json\/wp\/v2\/product_tag?post=41027294"}],"curies":[{"name":"wp","href":"https:\/\/api.w.org\/{rel}","templated":true}]}}