{"id":41027065,"date":"2025-08-05T15:38:31","date_gmt":"2025-08-05T13:38:31","guid":{"rendered":"https:\/\/www.siri.mo.it\/index.php\/prodotto\/siri-jolly-pro-art-6245\/"},"modified":"2025-08-05T16:32:22","modified_gmt":"2025-08-05T14:32:22","slug":"siri-jolly-pro-art-6245","status":"publish","type":"product","link":"https:\/\/www.siri.mo.it\/index.php\/prodotto\/siri-jolly-pro-art-6245\/?lang=es","title":{"rendered":"SIRI JOLLY PRO &#8211; Art. 6245"},"content":{"rendered":"","protected":false},"excerpt":{"rendered":"<p>SIRI JOLLY PRO es un accesorio para tallar a 45\u00b0 con pulidoras y discos de gres porcel\u00e1nico, terrazo, m\u00e1rmol y piedra. Se instala sobre una base r\u00edgida que se ajusta a la piastrella mediante tampones de polietileno. Se puede regular en profundidad (el peso de la piastrella es de 20 mm) y en \u00e1ngulo (de 40\u00b0 a 50\u00b0) seg\u00fan las necesidades de lavado. Si la piastrella tiene una precisi\u00f3n de 45\u00b0, deje una superficie amplia para el lavado. SIRI JOLLY PRO es f\u00e1cil de instalar en sus tomas angulares para discos de \u00d8 125 o 115 mm, gracias al accesorio M14. \u00bfQu\u00e9 dispositivo es este?<br \/>\nEl filtro est\u00e1 preparado para su uso con aspiradora y el accesorio de tubo (incluido). El peso m\u00e1ximo del material de tallar es de 20 mm. SIRI<br \/>\nJOLLY PRO utiliza un disco especial de \u00d8 125 mm con una broca de 30 mm (incluida). La funci\u00f3n de la etiqueta en posici\u00f3n invertida se ajusta al elemento de la etiqueta.<br \/>\nDimensi\u00f3n peque\u00f1a con una inclinaci\u00f3n inferior a 45 grados.<\/p>\n","protected":false},"featured_media":41027061,"template":"","meta":[],"product_brand":[],"product_cat":[370],"product_tag":[],"class_list":{"0":"post-41027065","1":"product","2":"type-product","3":"status-publish","4":"has-post-thumbnail","6":"product_cat-siriset-3","8":"first","9":"instock","10":"product-type-simple"},"_links":{"self":[{"href":"https:\/\/www.siri.mo.it\/index.php\/wp-json\/wp\/v2\/product\/41027065","targetHints":{"allow":["GET"]}}],"collection":[{"href":"https:\/\/www.siri.mo.it\/index.php\/wp-json\/wp\/v2\/product"}],"about":[{"href":"https:\/\/www.siri.mo.it\/index.php\/wp-json\/wp\/v2\/types\/product"}],"wp:featuredmedia":[{"embeddable":true,"href":"https:\/\/www.siri.mo.it\/index.php\/wp-json\/wp\/v2\/media\/41027061"}],"wp:attachment":[{"href":"https:\/\/www.siri.mo.it\/index.php\/wp-json\/wp\/v2\/media?parent=41027065"}],"wp:term":[{"taxonomy":"product_brand","embeddable":true,"href":"https:\/\/www.siri.mo.it\/index.php\/wp-json\/wp\/v2\/product_brand?post=41027065"},{"taxonomy":"product_cat","embeddable":true,"href":"https:\/\/www.siri.mo.it\/index.php\/wp-json\/wp\/v2\/product_cat?post=41027065"},{"taxonomy":"product_tag","embeddable":true,"href":"https:\/\/www.siri.mo.it\/index.php\/wp-json\/wp\/v2\/product_tag?post=41027065"}],"curies":[{"name":"wp","href":"https:\/\/api.w.org\/{rel}","templated":true}]}}