{"id":41027063,"date":"2025-08-05T15:37:12","date_gmt":"2025-08-05T13:37:12","guid":{"rendered":"https:\/\/www.siri.mo.it\/index.php\/prodotto\/siri-jolly-pro-art-6245\/"},"modified":"2025-08-05T16:23:19","modified_gmt":"2025-08-05T14:23:19","slug":"siri-jolly-pro-art-6245","status":"publish","type":"product","link":"https:\/\/www.siri.mo.it\/index.php\/prodotto\/siri-jolly-pro-art-6245\/?lang=fr","title":{"rendered":"SIRI JOLLY PRO &#8211; Art. 6245"},"content":{"rendered":"","protected":false},"excerpt":{"rendered":"<p>SIRI JOLLY PRO est un accessoire pour la coupe \u00e0 45\u00b0 avec une meuleuse, sur des carreaux et dalles en gr\u00e8s c\u00e9rame, granit, marbre et pierre. Il est<br \/>\ncompos\u00e9 d&#8217;une base rigide qui glisse sur le carrelage via des patins en poly\u00e9thyl\u00e8ne. Il est r\u00e9glable \u00e0 la fois en profondeur (\u00e9paisseur maximale du<br \/>\ncarrelage de 20 mm) et en angle (de 40\u00ba \u00e0 50\u00ba) en fonction des besoins de travail. Des coupes pr\u00e9cises \u00e0 45\u00b0 sont obtenues gr\u00e2ce \u00e0 une grande<br \/>\nsurface de glissement. SIRI JOLLY PRO s&#8217;installe facilement sur des meuleuses pour disques \u00d8 125 ou 115 mm, gr\u00e2ce \u00e0 la connexion M14. Cet appareil<br \/>\nest \u00e9galement con\u00e7u pour \u00eatre utilis\u00e9 avec un aspirateur via le tube appropri\u00e9 (inclus). L&#8217;\u00e9paisseur maximale du mat\u00e9riau \u00e0 couper est de 20 mm.<br \/>\nSIRI JOLLY PRO utilise un disque sp\u00e9cial \u00d8 125 mm avec un trou de 30 mm (inclus). La fonction de coupe invers\u00e9e convient aux petits \u00e9l\u00e9ments<br \/>\navec une inclinaison inf\u00e9rieure \u00e0 45 degr\u00e9s.<\/p>\n","protected":false},"featured_media":41027059,"template":"","meta":[],"product_brand":[],"product_cat":[495],"product_tag":[],"class_list":{"0":"post-41027063","1":"product","2":"type-product","3":"status-publish","4":"has-post-thumbnail","6":"product_cat-siriset-3-fr","8":"first","9":"instock","10":"product-type-simple"},"_links":{"self":[{"href":"https:\/\/www.siri.mo.it\/index.php\/wp-json\/wp\/v2\/product\/41027063","targetHints":{"allow":["GET"]}}],"collection":[{"href":"https:\/\/www.siri.mo.it\/index.php\/wp-json\/wp\/v2\/product"}],"about":[{"href":"https:\/\/www.siri.mo.it\/index.php\/wp-json\/wp\/v2\/types\/product"}],"wp:featuredmedia":[{"embeddable":true,"href":"https:\/\/www.siri.mo.it\/index.php\/wp-json\/wp\/v2\/media\/41027059"}],"wp:attachment":[{"href":"https:\/\/www.siri.mo.it\/index.php\/wp-json\/wp\/v2\/media?parent=41027063"}],"wp:term":[{"taxonomy":"product_brand","embeddable":true,"href":"https:\/\/www.siri.mo.it\/index.php\/wp-json\/wp\/v2\/product_brand?post=41027063"},{"taxonomy":"product_cat","embeddable":true,"href":"https:\/\/www.siri.mo.it\/index.php\/wp-json\/wp\/v2\/product_cat?post=41027063"},{"taxonomy":"product_tag","embeddable":true,"href":"https:\/\/www.siri.mo.it\/index.php\/wp-json\/wp\/v2\/product_tag?post=41027063"}],"curies":[{"name":"wp","href":"https:\/\/api.w.org\/{rel}","templated":true}]}}