{"id":41026924,"date":"2025-08-04T15:41:47","date_gmt":"2025-08-04T13:41:47","guid":{"rendered":"https:\/\/www.siri.mo.it\/?post_type=product&#038;p=41026924"},"modified":"2025-08-04T16:14:37","modified_gmt":"2025-08-04T14:14:37","slug":"art-31600-siri-lift","status":"publish","type":"product","link":"https:\/\/www.siri.mo.it\/index.php\/prodotto\/art-31600-siri-lift\/?lang=de","title":{"rendered":"Art.31600  SIRI LIFT"},"content":{"rendered":"<p>SIRI LIFT Elektrischer Pumpsauger mit Akku zum Betrieb der Vakuumpumpe.<\/p>\n","protected":false},"excerpt":{"rendered":"<p>Saugnapf mit \u00d8 205 mm und elektrischer Pumpe f\u00fcr die Handhabung gro\u00dfformatiger Fliesen mit glatten, rauen und strukturierten Oberfl\u00e4chen.<br \/>\nMetallrahmen. Die Pumpe sorgt bei Aktivierung f\u00fcr ein permanentes Vakuum und gew\u00e4hrleistet so Sicherheit.<br \/>\nDer SIRI PULL Saugnapf ist ausgestattet mit:<br \/>\n\u2013 Akku mit Ein-\/Aus-Schalter und digitaler Akkukapazit\u00e4tsanzeige.<\/p>\n<p>Maximale horizontale Belastung: 158 kg.<br \/>\nMaximale vertikale Belastung: 128 kg.<br \/>\n2600 Ah Akku, 5 Stunden f\u00fcr eine vollst\u00e4ndige Aufladung mit einem 5 V 0,5 A Ladeger\u00e4t.<br \/>\nLieferung mit Gummischutz und Koffer.<\/p>\n","protected":false},"featured_media":41026920,"template":"","meta":[],"product_brand":[],"product_cat":[370,3538],"product_tag":[],"class_list":{"0":"post-41026924","1":"product","2":"type-product","3":"status-publish","4":"has-post-thumbnail","6":"product_cat-siriset-3","7":"product_cat-ventose-per-grandi-formati","9":"first","10":"instock","11":"product-type-simple"},"_links":{"self":[{"href":"https:\/\/www.siri.mo.it\/index.php\/wp-json\/wp\/v2\/product\/41026924","targetHints":{"allow":["GET"]}}],"collection":[{"href":"https:\/\/www.siri.mo.it\/index.php\/wp-json\/wp\/v2\/product"}],"about":[{"href":"https:\/\/www.siri.mo.it\/index.php\/wp-json\/wp\/v2\/types\/product"}],"wp:featuredmedia":[{"embeddable":true,"href":"https:\/\/www.siri.mo.it\/index.php\/wp-json\/wp\/v2\/media\/41026920"}],"wp:attachment":[{"href":"https:\/\/www.siri.mo.it\/index.php\/wp-json\/wp\/v2\/media?parent=41026924"}],"wp:term":[{"taxonomy":"product_brand","embeddable":true,"href":"https:\/\/www.siri.mo.it\/index.php\/wp-json\/wp\/v2\/product_brand?post=41026924"},{"taxonomy":"product_cat","embeddable":true,"href":"https:\/\/www.siri.mo.it\/index.php\/wp-json\/wp\/v2\/product_cat?post=41026924"},{"taxonomy":"product_tag","embeddable":true,"href":"https:\/\/www.siri.mo.it\/index.php\/wp-json\/wp\/v2\/product_tag?post=41026924"}],"curies":[{"name":"wp","href":"https:\/\/api.w.org\/{rel}","templated":true}]}}