{"id":41026914,"date":"2025-08-04T15:37:13","date_gmt":"2025-08-04T13:37:13","guid":{"rendered":"https:\/\/www.siri.mo.it\/?post_type=product&#038;p=41026914"},"modified":"2025-08-04T15:37:14","modified_gmt":"2025-08-04T13:37:14","slug":"art-31400-siri-pull","status":"publish","type":"product","link":"https:\/\/www.siri.mo.it\/index.php\/prodotto\/art-31400-siri-pull\/?lang=de","title":{"rendered":"Art.31400 SIRI PULL"},"content":{"rendered":"<p>SIRI PULL Elektrischer Pumpsauger mit digitaler Druckstatusanzeige<\/p>\n","protected":false},"excerpt":{"rendered":"<p>Saugnapf mit \u00d8 220 mm, elektrischer Pumpe und Digitalanzeige, f\u00fcr die Handhabung von gro\u00dfformatigen Fliesen mit glatten, rauen und strukturierten Oberfl\u00e4chen. Gummierter Griff und verst\u00e4rkter Nylonrahmen. Die Pumpe h\u00e4lt bei Aktivierung ein permanentes Vakuum aufrecht und sorgt so f\u00fcr Sicherheit. Der SIRI PULL Saugnapf verf\u00fcgt \u00fcber eine Digitalanzeige der Durchflussmenge und zwei Tasten: eine zum Ein- und Ausschalten der elektrischen Vakuumpumpe und eine zum L\u00f6sen des Vakuums. Maximale horizontale Belastung: 200 kg. Maximale vertikale Belastung: 150 kg. 3,7 V &#8211; 2 Ah Akku, USB-C-Ladeanschluss, mit maximal zul\u00e4ssigen 5 V &#8211; 2 A. Lieferung mit Gummischutz und Tragetasche.<\/p>\n","protected":false},"featured_media":41026909,"template":"","meta":[],"product_brand":[],"product_cat":[496,3542],"product_tag":[],"class_list":{"0":"post-41026914","1":"product","2":"type-product","3":"status-publish","4":"has-post-thumbnail","6":"product_cat-siriset-3-de","7":"product_cat-saugnaepfe-fuer-grossformate","9":"first","10":"instock","11":"product-type-simple"},"_links":{"self":[{"href":"https:\/\/www.siri.mo.it\/index.php\/wp-json\/wp\/v2\/product\/41026914","targetHints":{"allow":["GET"]}}],"collection":[{"href":"https:\/\/www.siri.mo.it\/index.php\/wp-json\/wp\/v2\/product"}],"about":[{"href":"https:\/\/www.siri.mo.it\/index.php\/wp-json\/wp\/v2\/types\/product"}],"wp:featuredmedia":[{"embeddable":true,"href":"https:\/\/www.siri.mo.it\/index.php\/wp-json\/wp\/v2\/media\/41026909"}],"wp:attachment":[{"href":"https:\/\/www.siri.mo.it\/index.php\/wp-json\/wp\/v2\/media?parent=41026914"}],"wp:term":[{"taxonomy":"product_brand","embeddable":true,"href":"https:\/\/www.siri.mo.it\/index.php\/wp-json\/wp\/v2\/product_brand?post=41026914"},{"taxonomy":"product_cat","embeddable":true,"href":"https:\/\/www.siri.mo.it\/index.php\/wp-json\/wp\/v2\/product_cat?post=41026914"},{"taxonomy":"product_tag","embeddable":true,"href":"https:\/\/www.siri.mo.it\/index.php\/wp-json\/wp\/v2\/product_tag?post=41026914"}],"curies":[{"name":"wp","href":"https:\/\/api.w.org\/{rel}","templated":true}]}}