{"id":41026619,"date":"2024-10-16T17:35:34","date_gmt":"2024-10-16T15:35:34","guid":{"rendered":"https:\/\/www.siri.mo.it\/?post_type=product&#038;p=41026619"},"modified":"2024-10-16T17:35:34","modified_gmt":"2024-10-16T15:35:34","slug":"herramientas-abrasivas","status":"publish","type":"product","link":"https:\/\/www.siri.mo.it\/index.php\/prodotto\/herramientas-abrasivas\/?lang=es","title":{"rendered":"HERRAMIENTAS ABRASIVAS"},"content":{"rendered":"<p>Para pulir superficies internas y externas en cer\u00e1mica, porcelana, granito, m\u00e1rmol, concreto y piedra.<\/p>\n<p>Rueda de goma de expansi\u00f3n centr\u00edfuga art.4290A<\/p>\n<p>Portabrocas M 14 para rueda de goma art.4290B<\/p>\n<p>Anillo abrasivo verde grano 60 art.4290<\/p>\n<p>Anillo abrasivo verde grano 120 art.4291<\/p>\n<p>Anillo abrasivo verde grano 200 art.4292<\/p>\n","protected":false},"excerpt":{"rendered":"<p>Para pulir y terminar superficies internas y externas. Rueda de goma de expansi\u00f3n centr\u00edfuga con cubo. en aluminio. Portabrocas M14 para adaptaci\u00f3n a amoladora. Anillos abrasivos para uso h\u00famedo.<\/p>\n","protected":false},"featured_media":41026593,"template":"","meta":[],"product_brand":[],"product_cat":[3483],"product_tag":[],"class_list":{"0":"post-41026619","1":"product","2":"type-product","3":"status-publish","4":"has-post-thumbnail","6":"product_cat-herramientas-y-accesorios-diamantados-y-abrasivos","8":"first","9":"instock","10":"product-type-simple"},"_links":{"self":[{"href":"https:\/\/www.siri.mo.it\/index.php\/wp-json\/wp\/v2\/product\/41026619","targetHints":{"allow":["GET"]}}],"collection":[{"href":"https:\/\/www.siri.mo.it\/index.php\/wp-json\/wp\/v2\/product"}],"about":[{"href":"https:\/\/www.siri.mo.it\/index.php\/wp-json\/wp\/v2\/types\/product"}],"wp:featuredmedia":[{"embeddable":true,"href":"https:\/\/www.siri.mo.it\/index.php\/wp-json\/wp\/v2\/media\/41026593"}],"wp:attachment":[{"href":"https:\/\/www.siri.mo.it\/index.php\/wp-json\/wp\/v2\/media?parent=41026619"}],"wp:term":[{"taxonomy":"product_brand","embeddable":true,"href":"https:\/\/www.siri.mo.it\/index.php\/wp-json\/wp\/v2\/product_brand?post=41026619"},{"taxonomy":"product_cat","embeddable":true,"href":"https:\/\/www.siri.mo.it\/index.php\/wp-json\/wp\/v2\/product_cat?post=41026619"},{"taxonomy":"product_tag","embeddable":true,"href":"https:\/\/www.siri.mo.it\/index.php\/wp-json\/wp\/v2\/product_tag?post=41026619"}],"curies":[{"name":"wp","href":"https:\/\/api.w.org\/{rel}","templated":true}]}}