{"id":41026355,"date":"2024-10-11T11:39:09","date_gmt":"2024-10-11T09:39:09","guid":{"rendered":"https:\/\/www.siri.mo.it\/?post_type=product&#038;p=41026355"},"modified":"2024-10-11T11:39:10","modified_gmt":"2024-10-11T09:39:10","slug":"siri-guide-3-330-art-17330gc-modular","status":"publish","type":"product","link":"https:\/\/www.siri.mo.it\/index.php\/prodotto\/siri-guide-3-330-art-17330gc-modular\/?lang=es","title":{"rendered":"SIRI GUIDE 3 &#8211; 330 art.17330GC MODULAR"},"content":{"rendered":"","protected":false},"excerpt":{"rendered":"<p>Las gu\u00edas correderas modulares de aluminio, disponibles en dos longitudes, est\u00e1n equipadas con un sistema interno de conexi\u00f3n de los m\u00f3dulos, con conexi\u00f3n macho o hembra. Hay dos m\u00f3dulos, uno de 120 cm y otro de 180 cm y permiten cortar hasta 330 cm de base. sobre la composici\u00f3n. Cada m\u00f3dulo est\u00e1 equipado con ventosas cuya posici\u00f3n en la gu\u00eda es regulable. Las gomas acanaladas de las ventosas act\u00faan sobre superficies lisas y rugosas.<\/p>\n","protected":false},"featured_media":41026376,"template":"","meta":[],"product_brand":[],"product_cat":[497],"product_tag":[],"class_list":{"0":"post-41026355","1":"product","2":"type-product","3":"status-publish","4":"has-post-thumbnail","6":"product_cat-siriset-3-es","8":"first","9":"instock","10":"product-type-simple"},"_links":{"self":[{"href":"https:\/\/www.siri.mo.it\/index.php\/wp-json\/wp\/v2\/product\/41026355","targetHints":{"allow":["GET"]}}],"collection":[{"href":"https:\/\/www.siri.mo.it\/index.php\/wp-json\/wp\/v2\/product"}],"about":[{"href":"https:\/\/www.siri.mo.it\/index.php\/wp-json\/wp\/v2\/types\/product"}],"wp:featuredmedia":[{"embeddable":true,"href":"https:\/\/www.siri.mo.it\/index.php\/wp-json\/wp\/v2\/media\/41026376"}],"wp:attachment":[{"href":"https:\/\/www.siri.mo.it\/index.php\/wp-json\/wp\/v2\/media?parent=41026355"}],"wp:term":[{"taxonomy":"product_brand","embeddable":true,"href":"https:\/\/www.siri.mo.it\/index.php\/wp-json\/wp\/v2\/product_brand?post=41026355"},{"taxonomy":"product_cat","embeddable":true,"href":"https:\/\/www.siri.mo.it\/index.php\/wp-json\/wp\/v2\/product_cat?post=41026355"},{"taxonomy":"product_tag","embeddable":true,"href":"https:\/\/www.siri.mo.it\/index.php\/wp-json\/wp\/v2\/product_tag?post=41026355"}],"curies":[{"name":"wp","href":"https:\/\/api.w.org\/{rel}","templated":true}]}}