{"id":41026338,"date":"2024-10-11T10:59:02","date_gmt":"2024-10-11T08:59:02","guid":{"rendered":"https:\/\/www.siri.mo.it\/?post_type=product&#038;p=41026338"},"modified":"2025-08-06T15:44:43","modified_gmt":"2025-08-06T13:44:43","slug":"art-6360-siri-compass","status":"publish","type":"product","link":"https:\/\/www.siri.mo.it\/index.php\/prodotto\/art-6360-siri-compass\/?lang=es","title":{"rendered":"Art.6360 SIRI COMPASS"},"content":{"rendered":"","protected":false},"excerpt":{"rendered":"<p>Dispositivo SIRI COMPASS para cortes circulares en losas de gran formato.<\/p>\n<p>&#8211; Sistema para realizar cortes circulares en losas de gran formato.<br \/>\n&#8211; Rueda de incisi\u00f3n de 13 mm de di\u00e1metro.<br \/>\n&#8211; Ventosa para fijar el sistema a la losa.<br \/>\n&#8211; Varilla centrada para cortes de hasta 60 cm de radio (longitudes de radio mayores disponibles bajo petici\u00f3n).<br \/>\n&#8211; Los agujeros se pueden centrar o desplazar con respecto a la ventosa.<br \/>\n&#8211; Permite realizar c\u00edrculos, semic\u00edrculos o 1\/4 de c\u00edrculo.<br \/>\n&#8211; Agujeros centrados desde 19 cm de di\u00e1metro hasta un m\u00e1ximo de 120 cm.<br \/>\n&#8211; Agujeros descentrados desde 30 cm de di\u00e1metro hasta un m\u00e1ximo de 120 cm.<br \/>\n&#8211; Para separar las partes marcadas, puede utilizar los alicates opcionales (A), art\u00edculo 16500. En algunos casos, es necesario realizar cortes en cu\u00f1a (B) con la amoladora angular dentro de la incisi\u00f3n, y luego retirar, con un martillo, cada porci\u00f3n creada.<\/p>\n[embed]https:\/\/youtu.be\/Av62DvtjnbY[\/embed]\n","protected":false},"featured_media":41026135,"template":"","meta":[],"product_brand":[],"product_cat":[497],"product_tag":[],"class_list":{"0":"post-41026338","1":"product","2":"type-product","3":"status-publish","4":"has-post-thumbnail","6":"product_cat-siriset-3-es","8":"first","9":"instock","10":"product-type-simple"},"_links":{"self":[{"href":"https:\/\/www.siri.mo.it\/index.php\/wp-json\/wp\/v2\/product\/41026338","targetHints":{"allow":["GET"]}}],"collection":[{"href":"https:\/\/www.siri.mo.it\/index.php\/wp-json\/wp\/v2\/product"}],"about":[{"href":"https:\/\/www.siri.mo.it\/index.php\/wp-json\/wp\/v2\/types\/product"}],"wp:featuredmedia":[{"embeddable":true,"href":"https:\/\/www.siri.mo.it\/index.php\/wp-json\/wp\/v2\/media\/41026135"}],"wp:attachment":[{"href":"https:\/\/www.siri.mo.it\/index.php\/wp-json\/wp\/v2\/media?parent=41026338"}],"wp:term":[{"taxonomy":"product_brand","embeddable":true,"href":"https:\/\/www.siri.mo.it\/index.php\/wp-json\/wp\/v2\/product_brand?post=41026338"},{"taxonomy":"product_cat","embeddable":true,"href":"https:\/\/www.siri.mo.it\/index.php\/wp-json\/wp\/v2\/product_cat?post=41026338"},{"taxonomy":"product_tag","embeddable":true,"href":"https:\/\/www.siri.mo.it\/index.php\/wp-json\/wp\/v2\/product_tag?post=41026338"}],"curies":[{"name":"wp","href":"https:\/\/api.w.org\/{rel}","templated":true}]}}