{"id":41026332,"date":"2024-10-10T10:27:27","date_gmt":"2024-10-10T08:27:27","guid":{"rendered":"https:\/\/www.siri.mo.it\/?post_type=product&#038;p=41026332"},"modified":"2024-10-11T08:31:53","modified_gmt":"2024-10-11T06:31:53","slug":"siri-lifter-art-6600","status":"publish","type":"product","link":"https:\/\/www.siri.mo.it\/index.php\/prodotto\/siri-lifter-art-6600\/?lang=de","title":{"rendered":"SIRI LIFTER art.6600"},"content":{"rendered":"<p><a href=\"https:\/\/www.siri.mo.it\/wp-content\/uploads\/2024\/10\/SIRI-LIFTER-ENG-LR.pdf\">SIRI LIFTER ENG LR<\/a><\/p>\n","protected":false},"excerpt":{"rendered":"<div class=\"fusion-woo-short-description-tb fusion-woo-short-description-tb-1\">\n<div class=\"post-content woocommerce-product-details__short-description\">\n<p>Hebesystem f\u00fcr Gro\u00dfformate bis maximal 320 x 180 cm. Rahmen verstellbar in der L\u00e4nge von 200 bis 320 cm und in der Breite von 100 cm bis 160 cm. Ausgestattet mit 6 Pumpsaugern \u00d8 200 mm f\u00fcr Platten mit rauen und glatten Oberfl\u00e4chen und mit Absturzsicherungssystem.<br \/>\nDie maximale Hublast betr\u00e4gt 200 kg.<\/p>\n<\/div>\n<\/div>\n<div class=\"fusion-title title fusion-title-2 fusion-sep-none fusion-title-text fusion-title-size-four\"><\/div>\n","protected":false},"featured_media":41026183,"template":"","meta":[],"product_brand":[],"product_cat":[496],"product_tag":[],"class_list":{"0":"post-41026332","1":"product","2":"type-product","3":"status-publish","4":"has-post-thumbnail","6":"product_cat-siriset-3-de","8":"first","9":"instock","10":"shipping-taxable","11":"product-type-simple"},"_links":{"self":[{"href":"https:\/\/www.siri.mo.it\/index.php\/wp-json\/wp\/v2\/product\/41026332","targetHints":{"allow":["GET"]}}],"collection":[{"href":"https:\/\/www.siri.mo.it\/index.php\/wp-json\/wp\/v2\/product"}],"about":[{"href":"https:\/\/www.siri.mo.it\/index.php\/wp-json\/wp\/v2\/types\/product"}],"wp:featuredmedia":[{"embeddable":true,"href":"https:\/\/www.siri.mo.it\/index.php\/wp-json\/wp\/v2\/media\/41026183"}],"wp:attachment":[{"href":"https:\/\/www.siri.mo.it\/index.php\/wp-json\/wp\/v2\/media?parent=41026332"}],"wp:term":[{"taxonomy":"product_brand","embeddable":true,"href":"https:\/\/www.siri.mo.it\/index.php\/wp-json\/wp\/v2\/product_brand?post=41026332"},{"taxonomy":"product_cat","embeddable":true,"href":"https:\/\/www.siri.mo.it\/index.php\/wp-json\/wp\/v2\/product_cat?post=41026332"},{"taxonomy":"product_tag","embeddable":true,"href":"https:\/\/www.siri.mo.it\/index.php\/wp-json\/wp\/v2\/product_tag?post=41026332"}],"curies":[{"name":"wp","href":"https:\/\/api.w.org\/{rel}","templated":true}]}}