{"id":41025921,"date":"2024-05-07T10:30:15","date_gmt":"2024-05-07T08:30:15","guid":{"rendered":"https:\/\/www.siri.mo.it\/index.php\/prodotto\/smart-cut-kit-art-6380ek\/"},"modified":"2025-08-05T14:47:33","modified_gmt":"2025-08-05T12:47:33","slug":"smart-cut-kit-art-6380ek","status":"publish","type":"product","link":"https:\/\/www.siri.mo.it\/index.php\/prodotto\/smart-cut-kit-art-6380ek\/?lang=de","title":{"rendered":"SMART CUT kit art.6395"},"content":{"rendered":"<p>MANUALE\u00a0 \u00a0<a class=\"fb-icon-element-1 fb-icon-element fontawesome-icon fa-file-pdf fas circle-yes fusion-text-flow fusion-link\" style=\"font-size:28.16px;line-height:56.32px;height:56.32px;width:56.32px;border-width:0px;border-radius:50% 50% 50% 50%;margin-right:16px;\" href=\"https:\/\/www.siri.mo.it\/wp-content\/uploads\/2022\/03\/manuale-SIRICUT-24.07.2017-ita.pdf\" aria-label=\"Link to https:\/\/www.siri.mo.it\/wp-content\/uploads\/2022\/03\/manuale-SIRICUT-24.07.2017-ita.pdf\" target=\"_self\"><\/a><style>a.fb-icon-element.fontawesome-icon.fb-icon-element-1{ color: #ffffff; background-color: #197abf; border-color: #4a4e57;}a.fb-icon-element.fontawesome-icon.fb-icon-element-1:hover { color: #ffffff; background-color: #8bacc2; border-color: #8bacc2;}<\/style><\/p>\n<p>CATALOGO\u00a0 <a href=\"https:\/\/www.siri.mo.it\/wp-content\/uploads\/2024\/05\/Cat-SIRI-9-2023-EN-SMART-CUT-LR.pdf\">Cat SIRI 9-2023 EN SMART CUT LR<\/a><\/p>\n<p>&nbsp;<\/p>\n","protected":false},"excerpt":{"rendered":"<p>Lieferumfang: Schneidebrett Art. 6387CAR, Schneidef\u00fchrung 330 cm SIRI GUIDE Art. 17330GCE, Schneidezange Art. 16500 und Schneidebrett Art. 6300-VS.<\/p>\n<p>SMART CUT ist ein System f\u00fcr gro\u00dfformatige Etiketten aus Keramik und Porzellan. Es besteht aus einem Schneidebrett mit einer Schneide \u00f8 13 mm f\u00fcr den Einschnitt und einer Schneide \u00f8 8 mm speziell f\u00fcr Keramikstrukturen. Au\u00dferdem ist ein Clip zum Trennen enthalten. SMART CUT wird mit einer speziellen F\u00fchrung verwendet. Dank vier PVC-Schneidbrettern mit Kugelgelenken schneidet SMART CUT m\u00fchelos an der F\u00fchrung. Bei tieferen Schnitten mit einem Druck der Schneidezange k\u00f6nnen Sie die Platte mit der vorhandenen Zange leicht trennen. Der Stift ist mit einer Spessore-Regelung ausgestattet. Der Stift hat einen Durchmesser von 10 mm.<\/p>\n","protected":false},"featured_media":41025926,"template":"","meta":[],"product_brand":[],"product_cat":[496],"product_tag":[],"class_list":{"0":"post-41025921","1":"product","2":"type-product","3":"status-publish","4":"has-post-thumbnail","6":"product_cat-siriset-3-de","8":"first","9":"instock","10":"product-type-simple"},"_links":{"self":[{"href":"https:\/\/www.siri.mo.it\/index.php\/wp-json\/wp\/v2\/product\/41025921","targetHints":{"allow":["GET"]}}],"collection":[{"href":"https:\/\/www.siri.mo.it\/index.php\/wp-json\/wp\/v2\/product"}],"about":[{"href":"https:\/\/www.siri.mo.it\/index.php\/wp-json\/wp\/v2\/types\/product"}],"wp:featuredmedia":[{"embeddable":true,"href":"https:\/\/www.siri.mo.it\/index.php\/wp-json\/wp\/v2\/media\/41025926"}],"wp:attachment":[{"href":"https:\/\/www.siri.mo.it\/index.php\/wp-json\/wp\/v2\/media?parent=41025921"}],"wp:term":[{"taxonomy":"product_brand","embeddable":true,"href":"https:\/\/www.siri.mo.it\/index.php\/wp-json\/wp\/v2\/product_brand?post=41025921"},{"taxonomy":"product_cat","embeddable":true,"href":"https:\/\/www.siri.mo.it\/index.php\/wp-json\/wp\/v2\/product_cat?post=41025921"},{"taxonomy":"product_tag","embeddable":true,"href":"https:\/\/www.siri.mo.it\/index.php\/wp-json\/wp\/v2\/product_tag?post=41025921"}],"curies":[{"name":"wp","href":"https:\/\/api.w.org\/{rel}","templated":true}]}}