{"id":41024232,"date":"2022-01-28T11:29:06","date_gmt":"2022-01-28T10:29:07","guid":{"rendered":"https:\/\/www.siri.mo.it\/?post_type=product&#038;p=41024232"},"modified":"2022-09-23T14:32:39","modified_gmt":"2022-09-23T12:32:39","slug":"art-703160-ares-160-scheibe-d-250-mm-neu-copia","status":"publish","type":"product","link":"https:\/\/www.siri.mo.it\/index.php\/prodotto\/art-703160-ares-160-scheibe-d-250-mm-neu-copia\/?lang=de","title":{"rendered":"art.703200 Ares 200 Scheibe D.250 mm &#8211; NEU"},"content":{"rendered":"<p>ARES 200 ist mit folgenden Komponenten ausgestattet:<\/p>\n<p>Aluminiumrahmen; 2200-W-Motor; direkte \u00dcbertragung vom Motor auf die Scheibe; selbstausl\u00f6sender Schalter mit magnetothermischem Schutz; Wasserk\u00fchlung, mit Tauchpumpe und Durchflussregulierhahn; Motoreinheit, die auf acht verstellbaren Eisenrollen gleitet; Motoreinheit um 45\u00b0 neigbar mit millimetergenauer H\u00f6henverstellung mittels Handrad und Arretierungsm\u00f6glichkeit der Schnitttiefe; quadratisch f\u00fcr lineare und diagonale Schnitte.<\/p>\n<p>DETAILS UND ZUBEH\u00d6R AUF ANFRAGE: Motorvorschub mit Handrad; 4-Rad-Kit; Seitenverl\u00e4ngerung f\u00fcr gro\u00dfe Formate; seitliche Verl\u00e4ngerung mit Rollenbahn; spezielle Diamantscheiben. Sonderspannungen verf\u00fcgbar, V.230 Hz 60, V.240 Hz 50 und dreiphasig V.400 Hz 50.<\/p>\n<p>Schnittma\u00dfe: Linear 200 cm &#8211; Jolly (45\u00b0) 200 cm &#8211; Diagonal 141 x 141 cm &#8211; Maximale Dicke 5 cm.<\/p>\n<p><a class=\"fb-icon-element-1 fb-icon-element fontawesome-icon fa-file-pdf fas circle-yes fusion-text-flow fusion-link\" style=\"font-size:28.16px;line-height:56.32px;height:56.32px;width:56.32px;border-width:0px;border-radius:50% 50% 50% 50%;margin-right:16px;\" href=\"https:\/\/www.siri.mo.it\/wp-content\/uploads\/2022\/03\/Istruzioni_uso_Taglierina_ARES.pdf\" aria-label=\"Link to https:\/\/www.siri.mo.it\/wp-content\/uploads\/2022\/03\/Istruzioni_uso_Taglierina_ARES.pdf\" target=\"_blank\" rel=\"noopener noreferrer\"><\/a><style>a.fb-icon-element.fontawesome-icon.fb-icon-element-1{ color: #ffffff; background-color: #197abf; border-color: #4a4e57;}a.fb-icon-element.fontawesome-icon.fb-icon-element-1:hover { color: #ffffff; background-color: #8bacc2; border-color: #8bacc2;}<\/style> MANUAL<\/p>\n<p><a class=\"fb-icon-element-2 fb-icon-element fontawesome-icon fa-file-alt fas circle-yes fusion-text-flow fusion-link\" style=\"font-size:28.16px;line-height:56.32px;height:56.32px;width:56.32px;border-width:0px;border-radius:50% 50% 50% 50%;margin-right:16px;\" href=\"https:\/\/www.siri.mo.it\/wp-content\/uploads\/2022\/03\/ARES-2022.pdf\" aria-label=\"Link to https:\/\/www.siri.mo.it\/wp-content\/uploads\/2022\/03\/ARES-2022.pdf\" target=\"_blank\" rel=\"noopener noreferrer\"><\/a><style>a.fb-icon-element.fontawesome-icon.fb-icon-element-2{ color: #ffffff; background-color: #197abf; border-color: #4a4e57;}a.fb-icon-element.fontawesome-icon.fb-icon-element-2:hover { color: #ffffff; background-color: #8bacc2; border-color: #8bacc2;}<\/style> KATALOG<\/p>\n","protected":false},"excerpt":{"rendered":"<p>NEU Br\u00fcckenschneider mit Scheibe \u00d8 250 x 25,4 mm mit engen Sektoren, speziell f\u00fcr Feinsteinzeug, auch mit hoher Dicke. Maximale Schnittl\u00e4nge 200 cm Mit speziellen Scheiben ist es auch m\u00f6glich, Marmor und Granit bis zu einer maximalen H\u00f6he von 5 cm zu schneiden.<\/p>\n","protected":false},"featured_media":41024151,"template":"","meta":[],"product_brand":[],"product_cat":[348],"product_tag":[],"class_list":{"0":"post-41024232","1":"product","2":"type-product","3":"status-publish","4":"has-post-thumbnail","6":"product_cat-taglierine-a-ponte","8":"first","9":"instock","10":"shipping-taxable","11":"product-type-simple"},"_links":{"self":[{"href":"https:\/\/www.siri.mo.it\/index.php\/wp-json\/wp\/v2\/product\/41024232","targetHints":{"allow":["GET"]}}],"collection":[{"href":"https:\/\/www.siri.mo.it\/index.php\/wp-json\/wp\/v2\/product"}],"about":[{"href":"https:\/\/www.siri.mo.it\/index.php\/wp-json\/wp\/v2\/types\/product"}],"wp:featuredmedia":[{"embeddable":true,"href":"https:\/\/www.siri.mo.it\/index.php\/wp-json\/wp\/v2\/media\/41024151"}],"wp:attachment":[{"href":"https:\/\/www.siri.mo.it\/index.php\/wp-json\/wp\/v2\/media?parent=41024232"}],"wp:term":[{"taxonomy":"product_brand","embeddable":true,"href":"https:\/\/www.siri.mo.it\/index.php\/wp-json\/wp\/v2\/product_brand?post=41024232"},{"taxonomy":"product_cat","embeddable":true,"href":"https:\/\/www.siri.mo.it\/index.php\/wp-json\/wp\/v2\/product_cat?post=41024232"},{"taxonomy":"product_tag","embeddable":true,"href":"https:\/\/www.siri.mo.it\/index.php\/wp-json\/wp\/v2\/product_tag?post=41024232"}],"curies":[{"name":"wp","href":"https:\/\/api.w.org\/{rel}","templated":true}]}}