{"id":41023856,"date":"2021-06-13T20:37:33","date_gmt":"2021-11-17T10:23:04","guid":{"rendered":"https:\/\/www.siri.mo.it\/?post_type=product&#038;p=41023856"},"modified":"2021-11-17T11:23:05","modified_gmt":"2021-11-17T10:23:05","slug":"spiralruehrkorb-cm-40-art-62p","status":"publish","type":"product","link":"https:\/\/www.siri.mo.it\/index.php\/prodotto\/spiralruehrkorb-cm-40-art-62p\/?lang=de","title":{"rendered":"Spiralr\u00fchrkorb cm 40 Art.62P"},"content":{"rendered":"","protected":false},"excerpt":{"rendered":"<p>Spiralr\u00fchrkorb cm 40 f\u00fcr Bohrer sechseckverbindung.<\/p>\n","protected":false},"featured_media":41023784,"template":"","meta":[],"product_brand":[],"product_cat":[294],"product_tag":[],"class_list":{"0":"post-41023856","1":"product","2":"type-product","3":"status-publish","4":"has-post-thumbnail","6":"product_cat-mescolatori","8":"first","9":"instock","10":"product-type-simple"},"_links":{"self":[{"href":"https:\/\/www.siri.mo.it\/index.php\/wp-json\/wp\/v2\/product\/41023856","targetHints":{"allow":["GET"]}}],"collection":[{"href":"https:\/\/www.siri.mo.it\/index.php\/wp-json\/wp\/v2\/product"}],"about":[{"href":"https:\/\/www.siri.mo.it\/index.php\/wp-json\/wp\/v2\/types\/product"}],"wp:featuredmedia":[{"embeddable":true,"href":"https:\/\/www.siri.mo.it\/index.php\/wp-json\/wp\/v2\/media\/41023784"}],"wp:attachment":[{"href":"https:\/\/www.siri.mo.it\/index.php\/wp-json\/wp\/v2\/media?parent=41023856"}],"wp:term":[{"taxonomy":"product_brand","embeddable":true,"href":"https:\/\/www.siri.mo.it\/index.php\/wp-json\/wp\/v2\/product_brand?post=41023856"},{"taxonomy":"product_cat","embeddable":true,"href":"https:\/\/www.siri.mo.it\/index.php\/wp-json\/wp\/v2\/product_cat?post=41023856"},{"taxonomy":"product_tag","embeddable":true,"href":"https:\/\/www.siri.mo.it\/index.php\/wp-json\/wp\/v2\/product_tag?post=41023856"}],"curies":[{"name":"wp","href":"https:\/\/api.w.org\/{rel}","templated":true}]}}