{"id":41008901,"date":"2021-06-13T20:03:12","date_gmt":"2021-06-13T18:20:16","guid":{"rendered":"https:\/\/www.siri.mo.it\/index.php\/prodotto\/art-4203-plateau-%ef%bf%bd-jointage-%ef%bf%bd-450-mm\/"},"modified":"2021-11-15T11:37:21","modified_gmt":"2021-11-15T10:37:21","slug":"art-4203-plateau-a-jointage-o-450-mm","status":"publish","type":"product","link":"https:\/\/www.siri.mo.it\/index.php\/prodotto\/art-4203-plateau-a-jointage-o-450-mm\/?lang=fr","title":{"rendered":"art.4203 Plateau \u00e0 jointage \u00d8 450 mm."},"content":{"rendered":"","protected":false},"excerpt":{"rendered":"<p>Plateau \u00e0 jointage avec 6 lamelles.<br \/>\nACCESSOIRES AVEC RACCORD RAPIDE POUR MONOBROSSE STELLA<\/p>\n","protected":false},"featured_media":41008710,"template":"","meta":[],"product_brand":[],"product_cat":[528],"product_tag":[],"class_list":{"0":"post-41008901","1":"product","2":"type-product","3":"status-publish","4":"has-post-thumbnail","6":"product_cat-maxibrosseuse","8":"first","9":"instock","10":"product-type-simple"},"_links":{"self":[{"href":"https:\/\/www.siri.mo.it\/index.php\/wp-json\/wp\/v2\/product\/41008901","targetHints":{"allow":["GET"]}}],"collection":[{"href":"https:\/\/www.siri.mo.it\/index.php\/wp-json\/wp\/v2\/product"}],"about":[{"href":"https:\/\/www.siri.mo.it\/index.php\/wp-json\/wp\/v2\/types\/product"}],"wp:featuredmedia":[{"embeddable":true,"href":"https:\/\/www.siri.mo.it\/index.php\/wp-json\/wp\/v2\/media\/41008710"}],"wp:attachment":[{"href":"https:\/\/www.siri.mo.it\/index.php\/wp-json\/wp\/v2\/media?parent=41008901"}],"wp:term":[{"taxonomy":"product_brand","embeddable":true,"href":"https:\/\/www.siri.mo.it\/index.php\/wp-json\/wp\/v2\/product_brand?post=41008901"},{"taxonomy":"product_cat","embeddable":true,"href":"https:\/\/www.siri.mo.it\/index.php\/wp-json\/wp\/v2\/product_cat?post=41008901"},{"taxonomy":"product_tag","embeddable":true,"href":"https:\/\/www.siri.mo.it\/index.php\/wp-json\/wp\/v2\/product_tag?post=41008901"}],"curies":[{"name":"wp","href":"https:\/\/api.w.org\/{rel}","templated":true}]}}