{"id":41007327,"date":"2021-06-13T15:20:37","date_gmt":"2021-06-13T13:42:48","guid":{"rendered":"https:\/\/www.siri.mo.it\/index.php\/prodotto\/siribench-3-cm-200-art-6340\/"},"modified":"2025-08-06T11:27:56","modified_gmt":"2025-08-06T09:27:56","slug":"siribench-4-cm-175-art-6370","status":"publish","type":"product","link":"https:\/\/www.siri.mo.it\/index.php\/prodotto\/siribench-4-cm-175-art-6370\/?lang=de","title":{"rendered":"SIRIBENCH 4 cm 175 art.6370"},"content":{"rendered":"<p>OPTIONAL:<\/p>\n<p>Art. 6340-60 Werkzeugkasten<br \/>\nArt. 6340-70 Fliesenklammer<br \/>\nArt. 6340-80 Steckdosen mit Kabel<\/p>\n<p>&nbsp;<\/p>\n<p><a href=\"https:\/\/www.siri.mo.it\/wp-content\/uploads\/2021\/06\/SIRISET-3-LR.pdf\">SIRISET 3 &#8211; LR<\/a>\u00a0 KATALOG<\/p>\n","protected":false},"excerpt":{"rendered":"<p>Die modulare Werkbank Siri Bench 4 (175 x 100 cm) besteht aus gezogenen Aluminiumplatten und Querstreben f\u00fcr Stabilit\u00e4t und geringes Gewicht.<br \/>\nSie verf\u00fcgt \u00fcber Kunststoffschoner an der Arbeitsplatte und F\u00fc\u00dfe mit Bodennivellierung und H\u00f6henverstellung. Dank der Verbindungsst\u00fccke (eines pro Werkbank im Lieferumfang enthalten) lassen sich zwei Werkb\u00e4nke (350 cm) einfach miteinander verbinden und an die Gr\u00f6\u00dfe der zu schneidenden Formate anpassen.<br \/>\nDie Werkbank verf\u00fcgt \u00fcber klappbare Beine f\u00fcr einfachen Transport und zwei Haken zur Aufbewahrung der Schneidsystemf\u00fchrung.<br \/>\nF\u00fcr beide Seiten ist eine Seitenverl\u00e4ngerung erh\u00e4ltlich, die in der Werkbank verstaut werden kann und auf jeder Seite 30 cm verl\u00e4ngert.<\/p>\n","protected":false},"featured_media":41025848,"template":"","meta":[],"product_brand":[],"product_cat":[496],"product_tag":[],"class_list":{"0":"post-41007327","1":"product","2":"type-product","3":"status-publish","4":"has-post-thumbnail","6":"product_cat-siriset-3-de","8":"first","9":"instock","10":"product-type-simple"},"_links":{"self":[{"href":"https:\/\/www.siri.mo.it\/index.php\/wp-json\/wp\/v2\/product\/41007327","targetHints":{"allow":["GET"]}}],"collection":[{"href":"https:\/\/www.siri.mo.it\/index.php\/wp-json\/wp\/v2\/product"}],"about":[{"href":"https:\/\/www.siri.mo.it\/index.php\/wp-json\/wp\/v2\/types\/product"}],"wp:featuredmedia":[{"embeddable":true,"href":"https:\/\/www.siri.mo.it\/index.php\/wp-json\/wp\/v2\/media\/41025848"}],"wp:attachment":[{"href":"https:\/\/www.siri.mo.it\/index.php\/wp-json\/wp\/v2\/media?parent=41007327"}],"wp:term":[{"taxonomy":"product_brand","embeddable":true,"href":"https:\/\/www.siri.mo.it\/index.php\/wp-json\/wp\/v2\/product_brand?post=41007327"},{"taxonomy":"product_cat","embeddable":true,"href":"https:\/\/www.siri.mo.it\/index.php\/wp-json\/wp\/v2\/product_cat?post=41007327"},{"taxonomy":"product_tag","embeddable":true,"href":"https:\/\/www.siri.mo.it\/index.php\/wp-json\/wp\/v2\/product_tag?post=41007327"}],"curies":[{"name":"wp","href":"https:\/\/api.w.org\/{rel}","templated":true}]}}