{"id":41007310,"date":"2021-06-13T15:20:37","date_gmt":"2021-06-13T13:37:48","guid":{"rendered":"https:\/\/www.siri.mo.it\/index.php\/prodotto\/siritrolley-art-6330\/"},"modified":"2025-08-05T10:15:07","modified_gmt":"2025-08-05T08:15:07","slug":"siritrolley-art-6330","status":"publish","type":"product","link":"https:\/\/www.siri.mo.it\/index.php\/prodotto\/siritrolley-art-6330\/?lang=fr","title":{"rendered":"SIRI TROLLEY art.6330"},"content":{"rendered":"<p>Il est \u00e9quip\u00e9 de 4 roues en caoutchouc et deux positions de chargement des plaques, avec une base en bois antid\u00e9rapantet des crans de s\u00e9curit\u00e9.<\/p>\n<p>Siri Trolley est livr\u00e9 d\u00e9mont\u00e9, a fin de faciliter les conditions de transport.<\/p>\n","protected":false},"excerpt":{"rendered":"<p>Siri Trolley est un chariot en aluminium stable et l\u00e9ger, pour la manutention de plaques de grand format. Il est \u00e9quip\u00e9 de 4 roues encaoutchouc;<br \/>\ndeux positions de chargement des plaques; d\u2019une base en bois antid\u00e9rapant; des dispositifs de s\u00e9curit\u00e9. Siri Trolley est livr\u00e9 d\u00e9mont\u00e9, afin de<br \/>\nfaciliter les conditions de transport. Il est disponible dans la version standard, art.6330, avec une capacit\u00e9 de charge maximale de 150 kg; et<br \/>\ndans la version renforc\u00e9e art.6330K avec une capacit\u00e9 de charge maximale de 200 kg.<\/p>\n","protected":false},"featured_media":41027000,"template":"","meta":[],"product_brand":[],"product_cat":[495],"product_tag":[],"class_list":{"0":"post-41007310","1":"product","2":"type-product","3":"status-publish","4":"has-post-thumbnail","6":"product_cat-siriset-3-fr","8":"first","9":"instock","10":"product-type-simple"},"_links":{"self":[{"href":"https:\/\/www.siri.mo.it\/index.php\/wp-json\/wp\/v2\/product\/41007310","targetHints":{"allow":["GET"]}}],"collection":[{"href":"https:\/\/www.siri.mo.it\/index.php\/wp-json\/wp\/v2\/product"}],"about":[{"href":"https:\/\/www.siri.mo.it\/index.php\/wp-json\/wp\/v2\/types\/product"}],"wp:featuredmedia":[{"embeddable":true,"href":"https:\/\/www.siri.mo.it\/index.php\/wp-json\/wp\/v2\/media\/41027000"}],"wp:attachment":[{"href":"https:\/\/www.siri.mo.it\/index.php\/wp-json\/wp\/v2\/media?parent=41007310"}],"wp:term":[{"taxonomy":"product_brand","embeddable":true,"href":"https:\/\/www.siri.mo.it\/index.php\/wp-json\/wp\/v2\/product_brand?post=41007310"},{"taxonomy":"product_cat","embeddable":true,"href":"https:\/\/www.siri.mo.it\/index.php\/wp-json\/wp\/v2\/product_cat?post=41007310"},{"taxonomy":"product_tag","embeddable":true,"href":"https:\/\/www.siri.mo.it\/index.php\/wp-json\/wp\/v2\/product_tag?post=41007310"}],"curies":[{"name":"wp","href":"https:\/\/api.w.org\/{rel}","templated":true}]}}