{"id":41006616,"date":"2021-06-13T13:01:08","date_gmt":"2021-06-13T11:01:08","guid":{"rendered":"https:\/\/www.siri.mo.it\/index.php\/prodotto\/sirismart-90-art-5090-sistema-a-trazione\/"},"modified":"2022-03-10T12:33:06","modified_gmt":"2022-03-10T11:33:06","slug":"sirismart-90-art-5090-sistema-a-tiro","status":"publish","type":"product","link":"https:\/\/www.siri.mo.it\/index.php\/prodotto\/sirismart-90-art-5090-sistema-a-tiro\/","title":{"rendered":"SiriSmart 90 art.5090 sistema a tiro"},"content":{"rendered":"<p>LE TAGLIAPIASTRELLE PRECISA E LEGGERA Tagliapiastrelle professionale con sistema a tiro per tagli su ceramiche e gres porcellanato. Telaio in alluminio che garantisce robustezza, peso contenuto e durabilit\u00e0 nel tempo. Piani molleggiati per facilitare la separazione della piastrella. Manico in alluminio con speciale inserto interno per garantire una grande precisione, scorrevolezza e durabilit\u00e0. Il manico \u00e8 stato studiato per garantire spessori di taglio massimo di 15 mm ed \u00e8 dotato di separatore con protezione antigraffio. Squadro orientabile su entrambi i lati, con scala di misurazione per angolazioni \u00b145\u00b0. Lo squadro ha le misure in centimetri ed in pollici, una scala per la misura del diagonale e una prolunga ripiegabile.\\ Piedini in gomma antiscivolo e antigraffio. Supporti laterali a scomparsa per le piastrelle di grande formato. Su richiesta sono disponibili le valigie, le borse per il trasporto ed il tappetino in gomma per il taglio dei mosaici.<\/p>\n<div class=\"video-shortcode\"><iframe title=\"SIRISMART MOSAICO\" width=\"1200\" height=\"675\" src=\"https:\/\/www.youtube.com\/embed\/3PxQygblSgQ?feature=oembed\" frameborder=\"0\" allow=\"accelerometer; autoplay; clipboard-write; encrypted-media; gyroscope; picture-in-picture\" allowfullscreen><\/iframe><\/div>\n<p>MANUALE: <a class=\"fb-icon-element-1 fb-icon-element fontawesome-icon fa-file-pdf fas circle-yes fusion-text-flow fusion-link\" style=\"font-size:28.16px;line-height:56.32px;height:56.32px;width:56.32px;border-width:0px;border-radius:50% 50% 50% 50%;margin-right:16px;\" href=\"https:\/\/www.siri.mo.it\/wp-content\/uploads\/2022\/03\/SIRISMART.pdf\" aria-label=\"Link to https:\/\/www.siri.mo.it\/wp-content\/uploads\/2022\/03\/SIRISMART.pdf\" target=\"_self\"><\/a><style>a.fb-icon-element.fontawesome-icon.fb-icon-element-1{ color: #ffffff; background-color: #197abf; border-color: #4a4e57;}a.fb-icon-element.fontawesome-icon.fb-icon-element-1:hover { color: #ffffff; background-color: #8bacc2; border-color: #8bacc2;}<\/style><\/p>\n<p>&nbsp;<\/p>\n","protected":false},"excerpt":{"rendered":"<p>Tagliapiastrelle professionale per tagli su ceramiche e porcellanato. Taglio lineare cm 90 &#8211; Taglio diagonale su piastrella cm 63 x 63 &#8211;<br \/>\nSpessore di taglio mm 15 &#8211; rotellina d.15 mm con perno art.105020.<\/p>\n","protected":false},"featured_media":41024524,"template":"","meta":[],"product_brand":[],"product_cat":[499],"product_tag":[],"class_list":{"0":"post-41006616","1":"product","2":"type-product","3":"status-publish","4":"has-post-thumbnail","6":"product_cat-siri-fliesenschneider","8":"first","9":"instock","10":"product-type-simple"},"_links":{"self":[{"href":"https:\/\/www.siri.mo.it\/index.php\/wp-json\/wp\/v2\/product\/41006616","targetHints":{"allow":["GET"]}}],"collection":[{"href":"https:\/\/www.siri.mo.it\/index.php\/wp-json\/wp\/v2\/product"}],"about":[{"href":"https:\/\/www.siri.mo.it\/index.php\/wp-json\/wp\/v2\/types\/product"}],"wp:featuredmedia":[{"embeddable":true,"href":"https:\/\/www.siri.mo.it\/index.php\/wp-json\/wp\/v2\/media\/41024524"}],"wp:attachment":[{"href":"https:\/\/www.siri.mo.it\/index.php\/wp-json\/wp\/v2\/media?parent=41006616"}],"wp:term":[{"taxonomy":"product_brand","embeddable":true,"href":"https:\/\/www.siri.mo.it\/index.php\/wp-json\/wp\/v2\/product_brand?post=41006616"},{"taxonomy":"product_cat","embeddable":true,"href":"https:\/\/www.siri.mo.it\/index.php\/wp-json\/wp\/v2\/product_cat?post=41006616"},{"taxonomy":"product_tag","embeddable":true,"href":"https:\/\/www.siri.mo.it\/index.php\/wp-json\/wp\/v2\/product_tag?post=41006616"}],"curies":[{"name":"wp","href":"https:\/\/api.w.org\/{rel}","templated":true}]}}