{"id":41021841,"date":"2021-07-02T16:39:50","date_gmt":"2021-07-02T14:39:50","guid":{"rendered":"https:\/\/www.siri.mo.it\/?page_id=41021841"},"modified":"2023-02-28T17:17:57","modified_gmt":"2023-02-28T16:17:57","slug":"newsletter","status":"publish","type":"page","link":"https:\/\/www.siri.mo.it\/index.php\/newsletter\/?lang=fr","title":{"rendered":"Newsletter"},"content":{"rendered":"<p><div class=\"fusion-fullwidth fullwidth-box fusion-builder-row-1 fusion-flex-container nonhundred-percent-fullwidth non-hundred-percent-height-scrolling\" style=\"background-color: rgba(96,125,139,0.1);background-position: center center;background-repeat: no-repeat;border-width: 1px 0px 1px 0px;border-color:#e2e2e2;border-style:solid;\" ><div class=\"fusion-builder-row fusion-row fusion-flex-align-items-stretch\" style=\"max-width:1248px;margin-left: calc(-4% \/ 2 );margin-right: calc(-4% \/ 2 );\"><div class=\"fusion-layout-column fusion_builder_column fusion-builder-column-0 fusion_builder_column_1_1 1_1 fusion-flex-column\"><div class=\"fusion-column-wrapper fusion-flex-justify-content-space-evenly fusion-content-layout-column\" style=\"background-position:left top;background-repeat:no-repeat;-webkit-background-size:cover;-moz-background-size:cover;-o-background-size:cover;background-size:cover;padding: 0px 0px 0px 0px;\"><style type=\"text\/css\">.fusion-breadcrumbs.fusion-breadcrumbs-1{font-size:14px;}.fusion-breadcrumbs.fusion-breadcrumbs-1 span a:hover{color:#0099cc !important;}.fusion-breadcrumbs.fusion-breadcrumbs-1{color:#15375d;}.fusion-breadcrumbs.fusion-breadcrumbs-1 a{color:#15375d;}<\/style><div class=\"fusion-breadcrumbs fusion-breadcrumbs-1\" style=\"margin-top:2px;margin-bottom:2px;\"><span class=\"fusion-breadcrumb-item\"><a href=\"https:\/\/www.siri.mo.it\" class=\"fusion-breadcrumb-link\"><span >Home<\/span><\/a><\/span><span class=\"fusion-breadcrumb-sep\">><\/span><\/div><\/div><style type=\"text\/css\">.fusion-body .fusion-builder-column-0{width:100% !important;margin-top : 0px;margin-bottom : 0px;}.fusion-builder-column-0 > .fusion-column-wrapper {padding-top : 0px !important;padding-right : 0px !important;margin-right : 1.92%;padding-bottom : 0px !important;padding-left : 0px !important;margin-left : 1.92%;}@media only screen and (max-width:1024px) {.fusion-body .fusion-builder-column-0{width:100% !important;order : 0;}.fusion-builder-column-0 > .fusion-column-wrapper {margin-right : 1.92%;margin-left : 1.92%;}}@media only screen and (max-width:640px) {.fusion-body .fusion-builder-column-0{width:100% !important;order : 0;}.fusion-builder-column-0 > .fusion-column-wrapper {margin-right : 1.92%;margin-left : 1.92%;}}<\/style><\/div><\/div><style type=\"text\/css\">.fusion-body .fusion-flex-container.fusion-builder-row-1{ padding-top : 0px;margin-top : 0px;padding-right : 0px;padding-bottom : 0px;margin-bottom : 0px;padding-left : 0px;}<\/style><\/div><div class=\"fusion-fullwidth fullwidth-box fusion-builder-row-2 fusion-flex-container nonhundred-percent-fullwidth non-hundred-percent-height-scrolling\" style=\"background-color: rgba(255,255,255,0);background-position: center center;background-repeat: no-repeat;border-width: 0px 0px 0px 0px;border-color:#e2e2e2;border-style:solid;\" ><div class=\"fusion-builder-row fusion-row fusion-flex-align-items-flex-start\" style=\"max-width:1248px;margin-left: calc(-4% \/ 2 );margin-right: calc(-4% \/ 2 );\"><div class=\"fusion-layout-column fusion_builder_column fusion-builder-column-1 fusion_builder_column_1_6 1_6 fusion-flex-column\"><div class=\"fusion-column-wrapper fusion-flex-justify-content-flex-start fusion-content-layout-column\" style=\"background-position:left top;background-repeat:no-repeat;-webkit-background-size:cover;-moz-background-size:cover;-o-background-size:cover;background-size:cover;padding: 0px 0px 0px 0px;\"><\/div><style type=\"text\/css\">.fusion-body .fusion-builder-column-1{width:16.666666666667% !important;margin-top : 0px;margin-bottom : 20px;}.fusion-builder-column-1 > .fusion-column-wrapper {padding-top : 0px !important;padding-right : 0px !important;margin-right : 11.52%;padding-bottom : 0px !important;padding-left : 0px !important;margin-left : 11.52%;}@media only screen and (max-width:1024px) {.fusion-body .fusion-builder-column-1{width:16.666666666667% !important;order : 0;}.fusion-builder-column-1 > .fusion-column-wrapper {margin-right : 11.52%;margin-left : 11.52%;}}@media only screen and (max-width:640px) {.fusion-body .fusion-builder-column-1{width:100% !important;order : 0;}.fusion-builder-column-1 > .fusion-column-wrapper {margin-right : 1.92%;margin-left : 1.92%;}}<\/style><\/div><div class=\"fusion-layout-column fusion_builder_column fusion-builder-column-2 fusion_builder_column_2_3 2_3 fusion-flex-column\"><div class=\"fusion-column-wrapper fusion-flex-justify-content-flex-start fusion-content-layout-column\" style=\"background-position:left top;background-repeat:no-repeat;-webkit-background-size:cover;-moz-background-size:cover;-o-background-size:cover;background-size:cover;padding: 0px 0px 0px 0px;\"><style type=\"text\/css\">@media only screen and (max-width:1024px) {.fusion-title.fusion-title-1{margin-top:5px!important; margin-right:0px!important;margin-bottom:5px!important;margin-left:0px!important;}}@media only screen and (max-width:640px) {.fusion-title.fusion-title-1{margin-top:2px!important; margin-right:0px!important;margin-bottom:2px!important; margin-left:0px!important;}}<\/style><div class=\"fusion-title title fusion-title-1 fusion-sep-none fusion-title-text fusion-title-size-one\" style=\"margin-top:5px;margin-right:0px;margin-bottom:5px;margin-left:0px;\"><h1 class=\"title-heading-left\" style=\"margin:0;\"><h3>Restez \u00e0 jour avec les newsletters SIRI.<\/h3>\n<p>Tous les champs sont requis.<\/p><\/h1><\/div>\n<div class=\"wpcf7 no-js\" id=\"wpcf7-f41021836-o1\" lang=\"en-US\" dir=\"ltr\" data-wpcf7-id=\"41021836\">\n<div class=\"screen-reader-response\"><p role=\"status\" aria-live=\"polite\" aria-atomic=\"true\"><\/p> <ul><\/ul><\/div>\n<form action=\"\/index.php\/wp-json\/wp\/v2\/pages\/41021841#wpcf7-f41021836-o1\" method=\"post\" class=\"wpcf7-form init\" aria-label=\"Contact form\" novalidate=\"novalidate\" data-status=\"init\">\n<fieldset class=\"hidden-fields-container\"><input type=\"hidden\" name=\"_wpcf7\" value=\"41021836\" \/><input type=\"hidden\" name=\"_wpcf7_version\" value=\"6.1.5\" \/><input type=\"hidden\" name=\"_wpcf7_locale\" value=\"en_US\" \/><input type=\"hidden\" name=\"_wpcf7_unit_tag\" value=\"wpcf7-f41021836-o1\" \/><input type=\"hidden\" name=\"_wpcf7_container_post\" value=\"0\" \/><input type=\"hidden\" name=\"_wpcf7_posted_data_hash\" value=\"\" \/>\n<\/fieldset>\n<p>Pren\u00f2m * <label><span class=\"wpcf7-form-control-wrap\" data-name=\"Nome\"><input size=\"40\" maxlength=\"400\" class=\"wpcf7-form-control wpcf7-text wpcf7-validates-as-required\" aria-required=\"true\" aria-invalid=\"false\" value=\"\" type=\"text\" name=\"Nome\" \/><\/span> <\/label>\n<\/p>\n<p>Nom * <label><span class=\"wpcf7-form-control-wrap\" data-name=\"Cognome\"><input size=\"40\" maxlength=\"400\" class=\"wpcf7-form-control wpcf7-text wpcf7-validates-as-required\" aria-required=\"true\" aria-invalid=\"false\" value=\"\" type=\"text\" name=\"Cognome\" \/><\/span> <\/label>\n<\/p>\n<p>Compagnie * <label><span class=\"wpcf7-form-control-wrap\" data-name=\"Azienda\"><input size=\"40\" maxlength=\"400\" class=\"wpcf7-form-control wpcf7-text wpcf7-validates-as-required\" aria-required=\"true\" aria-invalid=\"false\" value=\"\" type=\"text\" name=\"Azienda\" \/><\/span> <\/label>\n<\/p>\n<p>E-mail * <label><span class=\"wpcf7-form-control-wrap\" data-name=\"your-email\"><input size=\"40\" maxlength=\"400\" class=\"wpcf7-form-control wpcf7-email wpcf7-validates-as-required wpcf7-text wpcf7-validates-as-email\" aria-required=\"true\" aria-invalid=\"false\" value=\"\" type=\"email\" name=\"your-email\" \/><\/span> <\/label>\n<\/p>\n<hr \/>\n<div style=\"padding-top: 20px; padding-bottom: 20px;\">\n\t<p><span class=\"wpcf7-form-control-wrap\" data-name=\"acceptance-536\"><span class=\"wpcf7-form-control wpcf7-acceptance\"><span class=\"wpcf7-list-item\"><label><input type=\"checkbox\" name=\"acceptance-536\" value=\"1\" aria-invalid=\"false\" \/><span class=\"wpcf7-list-item-label\"><b>Privacy Policy<\/b><\/span><\/label><\/span><\/span><\/span>- J'accepte les conditions <a href=\"\/index.php\/privacy-policy\/?lang=fr\" target=\"_blank\"><i>(clique pour voir)<\/i><\/a>\n\t<\/p>\n<\/div>\n<p>La personne concern\u00e9e, apr\u00e8s lecture de <a href=\"#\" target=\"_self\" rel=\"noopener\" data-toggle=\"modal\" data-target=\".fusion-modal.FRinformativa679\"><b>la note d\u2019information fournie aux termes du R\u00e8g. 2016\/679\/UE<\/b><\/a>, en souscrivant la pr\u00e9sente note, d\u00e9clare avoir compris les finalit\u00e9s et les modalit\u00e9s du traitement y d\u00e9crites.<br \/>\nDonne son consentement au traitement et \u00e0 la communication de ses donn\u00e9es \u00e0 caract\u00e8re personnel pour les fins de nature facultative vis\u00e9es au point 2 a) indiqu\u00e9 dans la note <a href=\"#\" target=\"_self\" rel=\"noopener\" data-toggle=\"modal\" data-target=\".fusion-modal.FRinformativa679\"><b>d\u2019information susdite.<\/b><\/a>\n<\/p>\n<div style=\"text-align:center;\">\n\t<p><b>Do il consenso:<\/b>&nbsp;&nbsp;<span class=\"wpcf7-form-control-wrap\" data-name=\"radio-695\"><span class=\"wpcf7-form-control wpcf7-radio\"><span class=\"wpcf7-list-item first\"><label><span class=\"wpcf7-list-item-label\">No<\/span><input type=\"radio\" name=\"radio-695\" value=\"No\" checked=\"checked\" \/><\/label><\/span><span class=\"wpcf7-list-item last\"><label><span class=\"wpcf7-list-item-label\">Oui<\/span><input type=\"radio\" name=\"radio-695\" value=\"Oui\" \/><\/label><\/span><\/span><\/span>\n\t<\/p>\n<\/div>\n<hr \/>\n<p><div id=\"cf7sr-69ddf0634909d\" class=\"cf7sr-g-recaptcha\" data-theme=\"light\" data-type=\"image\" data-size=\"normal\" data-sitekey=\"6Lde86QdAAAAAGw5ljqpPfMu9wtG2sgy2zruDYLr\"><\/div><span class=\"wpcf7-form-control-wrap cf7sr-recaptcha\" data-name=\"cf7sr-recaptcha\"><input type=\"hidden\" name=\"cf7sr-recaptcha\" value=\"\" class=\"wpcf7-form-control\"><\/span>\n<\/p>\n<p><input class=\"wpcf7-form-control wpcf7-submit has-spinner\" type=\"submit\" value=\"s&#039;abonner\" \/>\n<\/p><div class=\"fusion-alert alert custom alert-custom fusion-alert-center wpcf7-response-output alert-dismissable\" role=\"alert\" style=\"border-width:1px;\"><div class=\"fusion-alert-content-wrapper\"><span class=\"fusion-alert-content\"><\/span><\/div><button type=\"button\" class=\"close toggle-alert\" data-dismiss=\"alert\" aria-label=\"Close\">&times;<\/button><\/div>\n<\/form>\n<\/div>\n<div class=\"fusion-separator fusion-full-width-sep\" style=\"align-self: center;margin-left: auto;margin-right: auto;width:100%;\"><div class=\"fusion-separator-border sep-double\" style=\"border-color:#e2e2e2;border-top-width:1px;border-bottom-width:1px;\"><\/div><\/div><div class=\"fusion-text fusion-text-1\"><p><a href=\"mailto:newsletter@siri.mo.it\">Demander la suppression de l&#8217;adresse de la newsletter<\/a><\/p>\n<\/div><div class=\"fusion-modal modal fade modal-1 FRinformativa679\" tabindex=\"-1\" role=\"dialog\" aria-labelledby=\"modal-heading-1\" aria-hidden=\"true\"><style type=\"text\/css\">.modal-1 .modal-header, .modal-1 .modal-footer{border-color:#e2e2e2;}<\/style><div class=\"modal-dialog modal-lg\" role=\"document\"><div class=\"modal-content fusion-modal-content\" style=\"background-color:#ffffff\"><div class=\"modal-header\"><button class=\"close\" type=\"button\" data-dismiss=\"modal\" aria-hidden=\"true\" aria-label=\"Close\">&times;<\/button><h3 class=\"modal-title\" id=\"modal-heading-1\" data-dismiss=\"modal\" aria-hidden=\"true\">Art. 13 du R\u00e8g. 2016\/679\/ UE.<\/h3><\/div><div class=\"modal-body fusion-clearfix\">\n<p><strong><u>Objet\u00a0: Note d\u2019information sur le traitement des donn\u00e9es \u00e0 caract\u00e8re personnel fournie aux termes de l\u2019art. 13 du R\u00e8g. 2016\/679\/ UE.<\/u><\/strong><\/p>\n<p>Par la pr\u00e9sente, nous vous informons que vos donn\u00e9es \u00e0 caract\u00e8re personnel sont trait\u00e9es aupr\u00e8s de notre entreprise. Le traitement est effectu\u00e9 conform\u00e9ment aux crit\u00e8res pr\u00e9vus par le r\u00e8glement europ\u00e9en en mati\u00e8re de protection des donn\u00e9es \u00e0 caract\u00e8re personnel, R\u00e8g. 2016\/679\/UE, (ci-apr\u00e8s RGPD) et par tout autre texte r\u00e9glementaire national, mesure ou autorisation de l\u2019Autorit\u00e9 comp\u00e9tente rattach\u00e9e \u00e0 celui-ci. Conform\u00e9ment \u00e0 la r\u00e9glementation susmentionn\u00e9e, le traitement doit \u00eatre bas\u00e9 sur les principes de rectitude, lic\u00e9it\u00e9, transparence et de d\u00e9fense de votre vie priv\u00e9e et de vos droits.<\/p>\n<p><strong>\u00a0<\/strong><\/p>\n<p><strong>1<\/strong><strong>)<\/strong> Le <strong>responsable du traitement<\/strong> des donn\u00e9es est la soci\u00e9t\u00e9<strong> S.i.r.i. S.r.l., <\/strong>en la personne de son repr\u00e9sentant l\u00e9gal \u00e0 titre temporaire, M.<strong> Giorgio Trevisi<\/strong>, ayant son si\u00e8ge social Via Raimondo Dalla Costa, 44\/46 \u2013 41122 Mod\u00e8ne (MO), n\u00b0 de t\u00e9l.\u00a0: 059313191, adresse e-mail\u00a0: g.trevisi@siri.mo.it.<\/p>\n<p><strong>2)<\/strong> Les donn\u00e9es seront collect\u00e9es avec votre consentement expr\u00e8s (conform\u00e9ment \u00e0 l\u2019art. 6.1 lett. b) et f) du RGPD) et seront utilis\u00e9es pour les <strong>finalit\u00e9s<\/strong> suivantes\u00a0:<\/p>\n<ol>\n<li>Envoi r\u00e9gulier d\u2019e-mails ayant des finalit\u00e9s de marketing commercial et promotionnel pour lequel le consentement expr\u00e8s est requis.<\/li>\n<\/ol>\n<p><strong>3) Modalit\u00e9s\u00a0<\/strong>: les donn\u00e9es \u00e0 caract\u00e8re personnel sont trait\u00e9es par le responsable et par les sous-traitants d\u00fbment nomm\u00e9s pour la bonne ex\u00e9cution des finalit\u00e9s indiqu\u00e9es au point 2) au moyen d\u2019outils \u00e9lectroniques et d\u2019archives papier, ainsi qu\u2019avec l\u2019emploi de mesures de s\u00e9curit\u00e9 visant \u00e0 garantir la confidentialit\u00e9 des donn\u00e9es \u00e0 caract\u00e8re personnel et \u00e0 \u00e9viter les acc\u00e8s indus \u00e0 des sujets non autoris\u00e9s.<\/p>\n<p><strong>4) Communication\u00a0: <\/strong>les donn\u00e9es pourront \u00eatre communiqu\u00e9es aux sujets internes et externes d\u00fbment nomm\u00e9s qui exercent leur activit\u00e9 pour le compte du responsable du traitement.<\/p>\n<p>La communication vers des<strong> pays tiers <\/strong>hors UE n\u2019est pas pr\u00e9vue de m\u00eame que la <strong>divulgation<\/strong> (par ex. r\u00e9seaux sociaux, sites Internet etc.). Le responsable du traitement n\u2019a pas uniquement recours \u00e0 des proc\u00e9d\u00e9s automatis\u00e9s pour l\u2019atteinte des finalit\u00e9s pr\u00e9vues dans la pr\u00e9sente note d\u2019information et n\u2019effectue aucun <strong>profilage<\/strong>.<\/p>\n<p><strong>5)<\/strong> Le Responsable traitera les donn\u00e9es \u00e0 caract\u00e8re personnel pendant la <strong>dur\u00e9e<\/strong> n\u00e9cessaire pour ex\u00e9cuter les finalit\u00e9s susmentionn\u00e9es et, dans tous les cas, pendant un maximum de 2 ans \u00e0 compter de la cessation du rapport pour les Finalit\u00e9s indiqu\u00e9es.<\/p>\n<p><strong>6)<\/strong> La personne concern\u00e9e a le <strong>droit<\/strong> de demander au responsable du traitement l\u2019acc\u00e8s \u00e0 ses donn\u00e9es \u00e0 caract\u00e8re personnel ou la rectification ou la suppression de celles-ci ou la limitation du traitement de celles la concernant, ou a le droit de s\u2019opposer \u00e0 leur traitement ainsi que le droit de demander la portabilit\u00e9 des donn\u00e9es elles-m\u00eames.<\/p>\n<p>La demande peut \u00eatre pr\u00e9sent\u00e9e par courrier \u00e9lectronique ou t\u00e9l\u00e9copie ou lettre recommand\u00e9e ayant pour objet\u00a0: <strong><u>\u00ab\u00a0demande de la part de la personne concern\u00e9e\u00a0\u00bb<\/u><\/strong> en pr\u00e9cisant dans la demande le droit que la personne concern\u00e9e souhaite exercer (suppression, rectification, portabilit\u00e9, oubli) ainsi qu\u2019une adresse de courrier \u00e9lectronique\/courrier \u00e9lectronique certifi\u00e9e \u00e0 laquelle envoyer la r\u00e9ponse.<\/p>\n<p>Le responsable du traitement ou toute personne charg\u00e9e par ce dernier, s\u2019occupera de satisfaire la demande sous 30 jours \u00e0 compter de la date de r\u00e9ception. Au cas o\u00f9 la r\u00e9ponse serait complexe, le d\u00e9lai pourrait s\u2019allonger \u00e0 30 jours suppl\u00e9mentaires, apr\u00e8s <strong><u>communication pr\u00e9alable en temps utile<\/u><\/strong> \u00e0 la personne concern\u00e9e.<\/p>\n<p>Au cas o\u00f9 vous consid\u00e9reriez important de faire valoir vos droits, vous avez la facult\u00e9 de pr\u00e9senter une plainte \u00e0 l\u2019autorit\u00e9 de contr\u00f4le comp\u00e9tente, qui correspond au <strong><u>Garant de la vie priv\u00e9e national<\/u><\/strong>, \u00e9tabli Piazza Venezia, 11 \u2013 00187 Rome, protocollo@gpdp.it.<\/p>\n<\/div><\/div><\/div><\/div><\/div><style type=\"text\/css\">.fusion-body .fusion-builder-column-2{width:66.666666666667% !important;margin-top : 0px;margin-bottom : 20px;}.fusion-builder-column-2 > .fusion-column-wrapper {padding-top : 0px !important;padding-right : 0px !important;margin-right : 2.88%;padding-bottom : 0px !important;padding-left : 0px !important;margin-left : 2.88%;}@media only screen and (max-width:1024px) {.fusion-body .fusion-builder-column-2{width:66.666666666667% !important;order : 0;}.fusion-builder-column-2 > .fusion-column-wrapper {margin-right : 2.88%;margin-left : 2.88%;}}@media only screen and (max-width:640px) {.fusion-body .fusion-builder-column-2{width:100% !important;order : 0;}.fusion-builder-column-2 > .fusion-column-wrapper {margin-right : 1.92%;margin-left : 1.92%;}}<\/style><\/div><div class=\"fusion-layout-column fusion_builder_column fusion-builder-column-3 fusion_builder_column_1_6 1_6 fusion-flex-column\"><div class=\"fusion-column-wrapper fusion-flex-justify-content-flex-start fusion-content-layout-column\" style=\"background-position:left top;background-repeat:no-repeat;-webkit-background-size:cover;-moz-background-size:cover;-o-background-size:cover;background-size:cover;padding: 0px 0px 0px 0px;\"><\/div><style type=\"text\/css\">.fusion-body .fusion-builder-column-3{width:16.666666666667% !important;margin-top : 0px;margin-bottom : 20px;}.fusion-builder-column-3 > .fusion-column-wrapper {padding-top : 0px !important;padding-right : 0px !important;margin-right : 11.52%;padding-bottom : 0px !important;padding-left : 0px !important;margin-left : 11.52%;}@media only screen and (max-width:1024px) {.fusion-body .fusion-builder-column-3{width:16.666666666667% !important;order : 0;}.fusion-builder-column-3 > .fusion-column-wrapper {margin-right : 11.52%;margin-left : 11.52%;}}@media only screen and (max-width:640px) {.fusion-body .fusion-builder-column-3{width:100% !important;order : 0;}.fusion-builder-column-3 > .fusion-column-wrapper {margin-right : 1.92%;margin-left : 1.92%;}}<\/style><\/div><\/div><style type=\"text\/css\">.fusion-body .fusion-flex-container.fusion-builder-row-2{ padding-top : 0px;margin-top : 50px;padding-right : 0px;padding-bottom : 0px;margin-bottom : 0px;padding-left : 0px;}<\/style><\/div><\/p>\n","protected":false},"excerpt":{"rendered":"","protected":false},"author":1,"featured_media":0,"parent":0,"menu_order":0,"comment_status":"closed","ping_status":"closed","template":"100-width.php","meta":{"footnotes":""},"class_list":["post-41021841","page","type-page","status-publish","hentry"],"_links":{"self":[{"href":"https:\/\/www.siri.mo.it\/index.php\/wp-json\/wp\/v2\/pages\/41021841","targetHints":{"allow":["GET"]}}],"collection":[{"href":"https:\/\/www.siri.mo.it\/index.php\/wp-json\/wp\/v2\/pages"}],"about":[{"href":"https:\/\/www.siri.mo.it\/index.php\/wp-json\/wp\/v2\/types\/page"}],"author":[{"embeddable":true,"href":"https:\/\/www.siri.mo.it\/index.php\/wp-json\/wp\/v2\/users\/1"}],"replies":[{"embeddable":true,"href":"https:\/\/www.siri.mo.it\/index.php\/wp-json\/wp\/v2\/comments?post=41021841"}],"version-history":[{"count":2,"href":"https:\/\/www.siri.mo.it\/index.php\/wp-json\/wp\/v2\/pages\/41021841\/revisions"}],"predecessor-version":[{"id":41025420,"href":"https:\/\/www.siri.mo.it\/index.php\/wp-json\/wp\/v2\/pages\/41021841\/revisions\/41025420"}],"wp:attachment":[{"href":"https:\/\/www.siri.mo.it\/index.php\/wp-json\/wp\/v2\/media?parent=41021841"}],"curies":[{"name":"wp","href":"https:\/\/api.w.org\/{rel}","templated":true}]}}